{"id":1166,"date":"2019-07-04T15:48:24","date_gmt":"2019-07-04T13:48:24","guid":{"rendered":"https:\/\/tse.gastro-mis.de\/tse\/impressum\/"},"modified":"2022-12-07T12:50:44","modified_gmt":"2022-12-07T11:50:44","slug":"impressum","status":"publish","type":"page","link":"https:\/\/tse.gastro-mis.de\/tse\/impressum\/","title":{"rendered":"Impressum"},"content":{"rendered":"<p>Gem\u00e4\u00df \u00a75 des Telemediengesetz (TMG), sowie nach \u00a7 55 Rundfunkstaatsvertrag (RStV).<\/p>\n<p><b>Gastro-MIS GmbH<\/b><br \/>\nLohenstra\u00dfe 8<br \/>\n82166 Gr\u00e4felfing<\/p>\n<p>Telefon: +49 (89) 8 98 78 69 \u2013 2 00<br \/>\nTelefax: +49 (89) 8 98 78 69 \u2013 2 20<\/p>\n<p>eMail: info@gastro-mis.de<\/p>\n<p><b>Vertretungsberechtigter Gesch\u00e4ftsf\u00fchrer:<\/b><br \/>\nDr. Mirco Till<\/p>\n<p><b>F\u00fcr den Inhalt der Webseite verantwortlich:<\/b><br \/>\nDr. Mirco Till<\/p>\n<p>Registergericht: Amtsgericht M\u00fcnchen<br \/>\nRegisternummer : HRB 123712<br \/>\nUmsatzsteuer-Identifikationsnummer: DE 199331962<br \/>\nZust\u00e4ndige Aufsichtsbeh\u00f6rde: Landratsamt M\u00fcnchen<\/p>\n<p><b>Verwendung von Facebook Social Plugins<\/b><br \/>\nUnser Internetauftritt verwendet Social Plugins (\u201ePlugins\u201c) des sozialen Netzwerkes facebook.com, welches von der Facebook Inc., 1601 S. California Ave, Palo Alto, CA 94304, USA betrieben wird (\u201eFacebook\u201c). Die Plugins sind mit einem Facebook Logo oder dem Zusatz \u201eFacebook Social Plugin\u201c gekennzeichnet.<\/p>\n<p>Wenn Sie eine Webseite unseres Internetauftritts aufrufen, die ein solches Plugin enth\u00e4lt, baut Ihr Browser eine direkte Verbindung mit den Servern von Facebook auf. Der Inhalt des Plugins wird von Facebook direkt an Ihren Browser \u00fcbermittelt und von diesem in die Webseite eingebunden.<\/p>\n<p>Durch die Einbindung der Plugins erh\u00e4lt Facebook die Information, da\u00df Sie die entsprechende Seite unseres Internetauftritts aufgerufen haben. Sind Sie bei Facebook eingeloggt kann Facebook den Besuch Ihrem Facebook-Konto zuordnen. Wenn Sie mit den Plugins interagieren, zum Beispiel den \u201eGef\u00e4llt mir\u201c Button bet\u00e4tigen oder\u00a0einen Kommentar abgeben, wird die entsprechende Information von Ihrem Browser direkt an Facebook \u00fcbermittelt und dort gespeichert.<\/p>\n<p>Zweck und Umfang der Datenerhebung und die weitere Verarbeitung und Nutzung der Daten durch Facebook sowie Ihre diesbez\u00fcglichen Rechte und Einstellungsm\u00f6glichkeiten zum Schutz Ihrer Privatsph\u00e4re entnehmen Sie bitte den <a href=\"http:\/\/web.archive.org\/web\/20150726224532\/http:\/\/www.facebook.com\/policy.php\" target=\"_blank\" rel=\"noopener noreferrer\">Datenschutzhinweisen von Facebook<\/a>.<\/p>\n<p>Wenn Sie nicht m\u00f6chten, da\u00df Facebook \u00fcber unseren Internetauftritt Daten \u00fcber Sie sammelt, m\u00fcssen Sie sich vor Ihrem Besuch unseres Internetauftritts bei Facebook ausloggen.<\/p>\n<p><b>Haftungsausschlu\u00df:<\/b><\/p>\n<ol>\n<li>Inhalt des Onlineangebotes<br \/>\nDer Autor selbst und die Informationszubringer sind stets bem\u00fcht, qualitativ hochwertige Informationen zur Verf\u00fcgung zu stellen. Trotzdem \u00fcbernimmt der Autor keinerlei Gew\u00e4hr f\u00fcr die Aktualit\u00e4t, Korrektheit, Vollst\u00e4ndigkeit oder Qualit\u00e4t der bereitgestellten Informationen. Haftungsanspr\u00fcche gegen den Autor, die sich auf Sch\u00e4den materieller oder ideeller Art beziehen, welche durch die Nutzung oder Nichtnutzung der dargebotenen Informationen bzw. durch die Nutzung fehlerhafter und unvollst\u00e4ndiger Informationen verursacht wurden sind grunds\u00e4tzlich ausgeschlossen, sofern seitens des Autors kein nachweislich vors\u00e4tzliches oder grob fahrl\u00e4ssiges Verschulden vorliegt. Alle Angebote sind freibleibend und unverbindlich. Der Autor beh\u00e4lt es sich ausdr\u00fccklich vor, Teile der Seiten oder das gesamte Angebot ohne gesonderte Ank\u00fcndigung zu ver\u00e4ndern, zu erg\u00e4nzen, zu l\u00f6schen oder die Ver\u00f6ffentlichung zeitweise oder endg\u00fcltig einzustellen.<\/li>\n<li>Verweise und Links<br \/>\nSofern auf Verweisziele (\u201eLinks\u201c) direkt oder indirekt verwiesen wird, die au\u00dferhalb des Verantwortungsbereiches des Autors liegen, haftet dieser nur dann, wenn er von den Inhalten Kenntnis hat und es ihm technisch m\u00f6glich und zumutbar w\u00e4re, die Nutzung im Falle rechtswidriger Inhalte zu verhindern. F\u00fcr dar\u00fcber hinausgehende Inhalte und insbesondere f\u00fcr Sch\u00e4den, die aus der Nutzung oder Nichtnutzung solcherart dargebotener Informationen entstehen, haftet allein der Anbieter dieser Seiten, nicht derjenige, der \u00fcber Links auf die jeweilige Ver\u00f6ffentlichung lediglich verweist. Diese Einschr\u00e4nkung gilt gleicherma\u00dfen auch f\u00fcr Fremdeintr\u00e4ge in vom Autor eingerichteten G\u00e4steb\u00fcchern, Diskussionsforen und Mailinglisten.<\/li>\n<li>Urheberrecht<br \/>\nDer Autor ist bestrebt, in allen Publikationen die Urheberrechte der verwendeten Grafiken, Sounds und Texte zu beachten, von ihm selbst erstellte Grafiken, Sounds und Texte zu nutzen oder auf lizenzfreie Grafiken, Sounds und Texte zur\u00fcckzugreifen. Sollte sich auf den jeweiligen Seiten dennoch eine ungekennzeichnete, aber durch fremdes Copyright gesch\u00fctzte Grafik, ein Sound oder Text befinden, so konnte das Copyright vom Autor nicht festgestellt werden. Im Falle einer solchen unbeabsichtigten Copyrightverletzung wird der Autor das entsprechende Objekt nach Benachrichtigung aus seiner Publikation entfernen bzw. mit dem entsprechenden Copyright kenntlich machen.<\/li>\n<li>Rechtswirksamkeit dieses Haftungsausschlusses<br \/>\nDieser Haftungsausschluss ist als Teil des Internetangebotes zu betrachten, von dem aus auf diese Seite verwiesen wurde. Sofern Teile oder einzelne Formulierungen dieses Textes der geltenden Rechtslage nicht, nicht mehr oder nicht vollst\u00e4ndig entsprechen sollten, bleiben die \u00fcbrigen Teile des Dokumentes in ihrem Inhalt und ihrer G\u00fcltigkeit davon unber\u00fchrt.<\/li>\n<\/ol>\n<p><b>Webanalyse<\/b><br \/>\nDiese Website benutzt Google Analytics, einen Webanalysedienst der Google Inc. (Google). Google Analytics verwendet sog. Cookies, Textdateien, die auf Ihrem Computer gespeichert werden und die eine Analyse der Benutzung der Website durch Sie erm\u00f6glichen. Die durch den Cookie erzeugten Informationen \u00fcber Ihre Benutzung dieser Website werden in der Regel an einen Server von Google in den USA \u00fcbertragen und dort gespeichert. Im Falle der Aktivierung der IP-Anonymisierung auf dieser Webseite, wird Ihre IP-Adresse von Google jedoch innerhalb von Mitgliedstaaten der Europ\u00e4ischen Union oder in anderen Vertragsstaaten des Abkommens \u00fcber den Europ\u00e4ischen Wirtschaftsraum zuvor gek\u00fcrzt. Nur in Ausnahmef\u00e4llen wird die volle IP-Adresse an einen Server von Google in den USA \u00fcbertragen und dort gek\u00fcrzt. Im Auftrag des Betreibers dieser Website wird Google diese Informationen benutzen, um Ihre Nutzung der Website auszuwerten, um Reports \u00fcber die Websiteaktivi\u00e4ten zusammenzustellen und um weitere mit der Websitenutzung und der Internetnutzung verbundene Dienstleistungen gegen\u00fcber dem Websitebetreiber zu erbringen. Die im Rahmen von Google Analytics von Ihrem Browser \u00fcbermittelte IP-Adresse wird nicht mit anderen Daten von Google zusammengef\u00fchrt.<br \/>\nSie k\u00f6nnen die Speicherung der Cookies durch eine entsprechende Einstellung Ihrer Browser-Software verhindern; wir weisen Sie jedoch darauf hin, dass Sie in diesem Fall gegebenenfalls nicht s\u00e4mtliche Funktionen dieser Website vollumf\u00e4nglich werden nutzen k\u00f6nnen. Sie k\u00f6nnen dar\u00fcber hinaus die Erfassung der durch das Cookie erzeugten und auf Ihre Nutzung der Website bezogenen Daten (inkl. Ihrer IP-Adresse) an Google sowie die Verarbeitung dieser Daten durch Google verhindern, indem sie das unter dem folgenden Link verf\u00fcgbare Browser-Plugin herunterladen und installieren [http:\/\/tools.google.com\/dlpage\/gaoptout?hl=de].<\/p>\n<p><b>Design &amp; Code:<\/b><br \/>\nGastro-MIS GmbH<br \/>\nLohenstr. 8<br \/>\n82166 Gr\u00e4felfing<\/p>\n<p>Telefon: +49 (89) 8 98 78 69 \u2013 2 00<br \/>\nTelefax: +49 (89) 8 98 78 69 \u2013 2 20<\/p>\n<p>E-Mail: info@gastro-mis.de<br \/>\nInternet: <a href=\"http:\/\/amadeus-software.de\">www.amadeus360.de<\/a><\/p>\n","protected":false},"excerpt":{"rendered":"<p>Gem\u00e4\u00df \u00a75 des Telemediengesetz (TMG), sowie nach \u00a7 55 Rundfunkstaatsvertrag (RStV). Gastro-MIS GmbH Lohenstra\u00dfe 8<\/p>\n","protected":false},"author":1,"featured_media":0,"parent":0,"menu_order":0,"comment_status":"closed","ping_status":"closed","template":"","meta":{"footnotes":""},"class_list":["post-1166","page","type-page","status-publish","hentry"],"yoast_head":"<!-- This site is optimized with the Yoast SEO plugin v25.8 - https:\/\/yoast.com\/wordpress\/plugins\/seo\/ -->\n<title>Impressum &#8226; Gastro-MIS TSE<\/title>\n<meta name=\"robots\" content=\"index, follow, max-snippet:-1, max-image-preview:large, max-video-preview:-1\" \/>\n<link rel=\"canonical\" href=\"https:\/\/tse.gastro-mis.de\/tse\/impressum\/\" \/>\n<meta property=\"og:locale\" content=\"de_DE\" \/>\n<meta property=\"og:type\" content=\"article\" \/>\n<meta property=\"og:title\" content=\"Impressum &#8226; Gastro-MIS TSE\" \/>\n<meta property=\"og:description\" content=\"Gem\u00e4\u00df \u00a75 des Telemediengesetz (TMG), sowie nach \u00a7 55 Rundfunkstaatsvertrag (RStV). Gastro-MIS GmbH Lohenstra\u00dfe 8\" \/>\n<meta property=\"og:url\" content=\"https:\/\/tse.gastro-mis.de\/tse\/impressum\/\" \/>\n<meta property=\"og:site_name\" content=\"Gastro-MIS TSE\" \/>\n<meta property=\"article:modified_time\" content=\"2022-12-07T11:50:44+00:00\" \/>\n<meta name=\"twitter:card\" content=\"summary_large_image\" \/>\n<meta name=\"twitter:label1\" content=\"Gesch\u00e4tzte Lesezeit\" \/>\n\t<meta name=\"twitter:data1\" content=\"6\u00a0Minuten\" \/>\n<script type=\"application\/ld+json\" class=\"yoast-schema-graph\">{\"@context\":\"https:\/\/schema.org\",\"@graph\":[{\"@type\":\"WebPage\",\"@id\":\"https:\/\/tse.gastro-mis.de\/tse\/impressum\/\",\"url\":\"https:\/\/tse.gastro-mis.de\/tse\/impressum\/\",\"name\":\"Impressum &#8226; Gastro-MIS TSE\",\"isPartOf\":{\"@id\":\"https:\/\/tse.gastro-mis.de\/tse\/#website\"},\"datePublished\":\"2019-07-04T13:48:24+00:00\",\"dateModified\":\"2022-12-07T11:50:44+00:00\",\"breadcrumb\":{\"@id\":\"https:\/\/tse.gastro-mis.de\/tse\/impressum\/#breadcrumb\"},\"inLanguage\":\"de\",\"potentialAction\":[{\"@type\":\"ReadAction\",\"target\":[\"https:\/\/tse.gastro-mis.de\/tse\/impressum\/\"]}]},{\"@type\":\"BreadcrumbList\",\"@id\":\"https:\/\/tse.gastro-mis.de\/tse\/impressum\/#breadcrumb\",\"itemListElement\":[{\"@type\":\"ListItem\",\"position\":1,\"name\":\"Startseite\",\"item\":\"https:\/\/tse.gastro-mis.de\/tse\/\"},{\"@type\":\"ListItem\",\"position\":2,\"name\":\"Impressum\"}]},{\"@type\":\"WebSite\",\"@id\":\"https:\/\/tse.gastro-mis.de\/tse\/#website\",\"url\":\"https:\/\/tse.gastro-mis.de\/tse\/\",\"name\":\"Gastro-MIS TSE\",\"description\":\"TSE Module f\u00fcr Gastronomie\",\"publisher\":{\"@id\":\"https:\/\/tse.gastro-mis.de\/tse\/#organization\"},\"potentialAction\":[{\"@type\":\"SearchAction\",\"target\":{\"@type\":\"EntryPoint\",\"urlTemplate\":\"https:\/\/tse.gastro-mis.de\/tse\/?s={search_term_string}\"},\"query-input\":{\"@type\":\"PropertyValueSpecification\",\"valueRequired\":true,\"valueName\":\"search_term_string\"}}],\"inLanguage\":\"de\"},{\"@type\":\"Organization\",\"@id\":\"https:\/\/tse.gastro-mis.de\/tse\/#organization\",\"name\":\"Gastro-MIS GmbH\",\"url\":\"https:\/\/tse.gastro-mis.de\/tse\/\",\"logo\":{\"@type\":\"ImageObject\",\"inLanguage\":\"de\",\"@id\":\"https:\/\/tse.gastro-mis.de\/tse\/#\/schema\/logo\/image\/\",\"url\":\"http:\/\/tse.gastro-mis.de\/tse\/wp-content\/uploads\/2019\/07\/logo-2.png\",\"contentUrl\":\"http:\/\/tse.gastro-mis.de\/tse\/wp-content\/uploads\/2019\/07\/logo-2.png\",\"width\":261,\"height\":50,\"caption\":\"Gastro-MIS GmbH\"},\"image\":{\"@id\":\"https:\/\/tse.gastro-mis.de\/tse\/#\/schema\/logo\/image\/\"}}]}<\/script>\n<!-- \/ Yoast SEO plugin. -->","yoast_head_json":{"title":"Impressum &#8226; Gastro-MIS TSE","robots":{"index":"index","follow":"follow","max-snippet":"max-snippet:-1","max-image-preview":"max-image-preview:large","max-video-preview":"max-video-preview:-1"},"canonical":"https:\/\/tse.gastro-mis.de\/tse\/impressum\/","og_locale":"de_DE","og_type":"article","og_title":"Impressum &#8226; Gastro-MIS TSE","og_description":"Gem\u00e4\u00df \u00a75 des Telemediengesetz (TMG), sowie nach \u00a7 55 Rundfunkstaatsvertrag (RStV). Gastro-MIS GmbH Lohenstra\u00dfe 8","og_url":"https:\/\/tse.gastro-mis.de\/tse\/impressum\/","og_site_name":"Gastro-MIS TSE","article_modified_time":"2022-12-07T11:50:44+00:00","twitter_card":"summary_large_image","twitter_misc":{"Gesch\u00e4tzte Lesezeit":"6\u00a0Minuten"},"schema":{"@context":"https:\/\/schema.org","@graph":[{"@type":"WebPage","@id":"https:\/\/tse.gastro-mis.de\/tse\/impressum\/","url":"https:\/\/tse.gastro-mis.de\/tse\/impressum\/","name":"Impressum &#8226; Gastro-MIS TSE","isPartOf":{"@id":"https:\/\/tse.gastro-mis.de\/tse\/#website"},"datePublished":"2019-07-04T13:48:24+00:00","dateModified":"2022-12-07T11:50:44+00:00","breadcrumb":{"@id":"https:\/\/tse.gastro-mis.de\/tse\/impressum\/#breadcrumb"},"inLanguage":"de","potentialAction":[{"@type":"ReadAction","target":["https:\/\/tse.gastro-mis.de\/tse\/impressum\/"]}]},{"@type":"BreadcrumbList","@id":"https:\/\/tse.gastro-mis.de\/tse\/impressum\/#breadcrumb","itemListElement":[{"@type":"ListItem","position":1,"name":"Startseite","item":"https:\/\/tse.gastro-mis.de\/tse\/"},{"@type":"ListItem","position":2,"name":"Impressum"}]},{"@type":"WebSite","@id":"https:\/\/tse.gastro-mis.de\/tse\/#website","url":"https:\/\/tse.gastro-mis.de\/tse\/","name":"Gastro-MIS TSE","description":"TSE Module f\u00fcr Gastronomie","publisher":{"@id":"https:\/\/tse.gastro-mis.de\/tse\/#organization"},"potentialAction":[{"@type":"SearchAction","target":{"@type":"EntryPoint","urlTemplate":"https:\/\/tse.gastro-mis.de\/tse\/?s={search_term_string}"},"query-input":{"@type":"PropertyValueSpecification","valueRequired":true,"valueName":"search_term_string"}}],"inLanguage":"de"},{"@type":"Organization","@id":"https:\/\/tse.gastro-mis.de\/tse\/#organization","name":"Gastro-MIS GmbH","url":"https:\/\/tse.gastro-mis.de\/tse\/","logo":{"@type":"ImageObject","inLanguage":"de","@id":"https:\/\/tse.gastro-mis.de\/tse\/#\/schema\/logo\/image\/","url":"http:\/\/tse.gastro-mis.de\/tse\/wp-content\/uploads\/2019\/07\/logo-2.png","contentUrl":"http:\/\/tse.gastro-mis.de\/tse\/wp-content\/uploads\/2019\/07\/logo-2.png","width":261,"height":50,"caption":"Gastro-MIS GmbH"},"image":{"@id":"https:\/\/tse.gastro-mis.de\/tse\/#\/schema\/logo\/image\/"}}]}},"_links":{"self":[{"href":"https:\/\/tse.gastro-mis.de\/tse\/wp-json\/wp\/v2\/pages\/1166","targetHints":{"allow":["GET"]}}],"collection":[{"href":"https:\/\/tse.gastro-mis.de\/tse\/wp-json\/wp\/v2\/pages"}],"about":[{"href":"https:\/\/tse.gastro-mis.de\/tse\/wp-json\/wp\/v2\/types\/page"}],"author":[{"embeddable":true,"href":"https:\/\/tse.gastro-mis.de\/tse\/wp-json\/wp\/v2\/users\/1"}],"replies":[{"embeddable":true,"href":"https:\/\/tse.gastro-mis.de\/tse\/wp-json\/wp\/v2\/comments?post=1166"}],"version-history":[{"count":3,"href":"https:\/\/tse.gastro-mis.de\/tse\/wp-json\/wp\/v2\/pages\/1166\/revisions"}],"predecessor-version":[{"id":26423,"href":"https:\/\/tse.gastro-mis.de\/tse\/wp-json\/wp\/v2\/pages\/1166\/revisions\/26423"}],"wp:attachment":[{"href":"https:\/\/tse.gastro-mis.de\/tse\/wp-json\/wp\/v2\/media?parent=1166"}],"curies":[{"name":"wp","href":"https:\/\/api.w.org\/{rel}","templated":true}]}}